k = -q, -3*j + 104 = -2*q. Calculate the remainder when 126 is divided by j.
30
Let s be (5 - (-595)/(-15))*-6. Suppose s - 52 = 12*p. Suppose 0 = -5*x + 5*m + 175, -4*x + 178 = x - 4*m. Calculate the remainder when x is divided by p.
12
Let f(c) = -c**3 - 3*c**2 - 5*c - 3. Let g be 23/(-7) - 2/(-7). Calculate the remainder when 92 + 6*5/15 is divided by f(g).
10
Suppose q - 33 - 208 = 0. Calculate the remainder when 47 is divided by (-68)/(-119) - (2 - q/7).
14
Let b(y) = -y**3 + 3*y**2 + 5*y + 2. Let u = 119 - 47. Suppose 90 = 6*d + u. Calculate the remainder when b(4) is divided by d.
0
Let x = -36 - -65. Suppose -2*f = l + f - x, -2*l - f = -48. Suppose -4*n = -4*i - 6*n + 264, 4*i - 3*n = 274. What is the remainder when i is divided by l?
21
Let a be (-1)/2*(132*10 - -10). Let y = a - -706. What is the remainder when 736 is divided by y?
39
Suppose 252 = 21406*g - 21370*g. Let x(b) = b**2 - 4*b + 4. Let n = 17 - 12. What is the remainder when x(n) is divided by g?
2
Let g = 9 - 19. Let a be (11 + g)/((-1)/(-35)). Suppose -23 = -2*b + a. What is the remainder when b is divided by 8?
5
Let m(o) = -91*o - 343. Calculate the remainder when m(-19) is divided by 344.
10
Let v(z) = 16*z - 5 + 22*z - z. Let w = -790 + 797. What is the remainder when v(w) is divided by 51?
50
Let w = 757 - 1233. What is the remainder when 28 is divided by (10/8)/(10 + w/48)?
13
Let d = -133 - -180. Let a(m) = -m**2 - 14*m + 21. Let l(c) = -c**2 - 12*c + 13. Let j be l(-14). Calculate the remainder when d is divided by a(j).
5
Let q be -2*(4 - 1) - -5. Let c = q - -10. What is the remainder when 13 is divided by (12/c)/(0 + (-12)/(-27))?
1
Suppose v + 0*z - 7 = 4*z, -4*v - 3*z = -9. Let q(i) = -v*i**2 - 88 + 41 - 4*i - i**3 + 34. Calculate the remainder when q(-5) is divided by 30.
27
Suppose 0*j + f = 3*j - 128, 4*f = 3*j - 125. Suppose -j = 16*y - 539. Suppose -5*i + 97 = 2. What is the remainder when y is divided by i?
12
Suppose 2*b - 140 = -5*t, -288*t - 41 = -289*t - 3*b. Suppose 5*s - 1280 = -3*h, 3*s - 2*h - 1046 = -s. What is the remainder when s is divided by t?
25
Suppose 3*w + 1 = 5*w + v, 3*v - 10 = w. Calculate the remainder when 2/(-13) + w + (-834)/(-13) is divided by 15.
3
Let b(x) = -2*x + 63. Let a be b(6). What is the remainder when 367 is divided by ((-46)/(-3))/(17/a)?
45
Let o(n) = -n**2 - 22*n - 10. Let j(w) = -372*w + 2984. Calculate the remainder when o(-19) is divided by j(8).
7
Let a = 5476 - 5413. Calculate the remainder when 2518 is divided by a.
61
Let s = -2901 - -2986. What is the remainder when 3738 is divided by s?
83
Suppose 349 = 3*v + c - 22, 5*v + 2*c - 617 = 0. Let t = v - 111. Calculate the remainder when (-23)/((-2392)/5184) - (-2)/13 is divided by t.
8
Suppose 0 = 9*z - 7*z + o - 1, 0 = 5*z + 2*o - 4. Suppose -99 = -73*n + 70*n + z*w, -3*n = 3*w - 114. Calculate the remainder when 234 is divided by n.
24
Let j(q) = -2*q**2 + 5*q + 41. Let a be j(6). Let t(s) = s + 6. Calculate the remainder when 33 is divided by t(a).
3
Let i be 24/(-40) - (1 - 33/5). Suppose i*t = 82 + 68. Calculate the remainder when 57 is divided by t.
27
Suppose -128*q + 68 = -126*q + 3*g, -3*q + g = -102. Calculate the remainder when 511 is divided by q.
1
Suppose 272 = m + 3*i, 0 = -3*m - 2*i + 742 + 60. Calculate the remainder when m is divided by 94.
78
Let b(o) = 7*o**2 - 136*o - 1092. What is the remainder when 2228 is divided by b(-7)?
198
Let u = -7129 + 7132. Let v = -7 + 10. Suppose 2*y + v = u*y. What is the remainder when 3 is divided by y?
0
Let n(s) = 7*s + 5. Let l(k) = 13*k + 11. Let d(y) = -4*l(y) + 7*n(y). What is the remainder when d(-4) is divided by 3?
0
Let d = 115 + -68. Let h(g) = -g**2 - 10*g - 8. Calculate the remainder when d is divided by h(-7).
8
Let o = 6528 + -6171. Calculate the remainder when o is divided by 25.
7
Let w(t) = -143*t - 35. Let o(q) = 8*q + 0*q + 20*q. What is the remainder when w(-1) is divided by o(1)?
24
Let j be (-43)/((-132)/18 + 7). Let x = -105 + j. What is the remainder when x is divided by 15?
9
Suppose 3*u - 20 + 188 = 0. Calculate the remainder when 17 is divided by (-15 - (0 - 0))/(84/u).
7
Let u = -6 + 21. Suppose -18 = -t - u. Suppose -5*s + 64 = -4*j + 320, 256 = 4*j + t*s. What is the remainder when j is divided by 15?
4
Suppose -65 + 44 = -2*v - y, -72 = -5*v + 4*y. Calculate the remainder when 18 is divided by v.
6
Suppose 0 = -2*f + f - 9. Let o = 15 - f. Suppose 4*u + 3*p - 370 = 0, -u + 31 = 3*p - 57. Calculate the remainder when u is divided by o.
22
Calculate the remainder when 32 is divided by 52/5 + 162/(-405).
2
Suppose 4*f - 21*b = -16*b + 473, f = 4*b + 132. Calculate the remainder when 251 is divided by f.
27
Calculate the remainder when 1277 is divided by (-74)/(-4)*(-16 - -18).
19
Suppose 3*z = 4*z + 2*t + 129, -z - 4*t - 129 = 0. Let u = z - -184. What is the remainder when u is divided by 14?
13
Let k = 59 + 20. Suppose -4*m = -18*u + 2802, -249*u = -252*u + 2*m + 483. What is the remainder when u is divided by k?
74
Let m = -206 + 318. What is the remainder when m is divided by ((-31)/(-4) + -7)*52?
34
Suppose 0 = -10*u + 12*u - 10. Suppose -u*h = 5*k - 75, 5*h = 6*k - 4*k - 30. Let i(a) = 19*a + 4. What is the remainder when i(6) is divided by k?
13
Suppose -5*n - 4*b = -1811, 371 = n - 16*b + 19*b. Let p = -90 - -123. Calculate the remainder when n is divided by p.
29
Calculate the remainder when 261 is divided by 11/(-1 - -4*(-3)/(-6)) + -4.
2
Let n = -14 + 17. Suppose -2*r + r = -n. Suppose r*g = 198 + 12. What is the remainder when g is divided by 24?
22
Let g = -1371 - -1438. Let i(a) = a**3 + 4*a**2 - 4*a + 7. Let u be i(-5). What is the remainder when g is divided by -1*u - (-3 + -17)?
13
Let a(h) = 5*h**3 + h**2 + h - 1. Suppose -75*r = -65*r + 3490. Let j = 387 + r. Calculate the remainder when j is divided by a(1).
2
Suppose 0 = 3*f - 260 - 10. Suppose 229 + 4 + 89 = 14*d. What is the remainder when f is divided by d?
21
Let n be (20/(-6))/((-126)/27 - -4). Let s = n + 37. What is the remainder when 166 is divided by s?
40
Suppose -27*t + 920 = -4*t. Suppose 11*h = t*h - 1479. What is the remainder when h is divided by 15?
6
What is the remainder when 1273 is divided by 1120/(-12)*30/(-35)?
73
Suppose -17*p = -3*p + 2*p - 102112. Calculate the remainder when p is divided by 38.
36
Let d = 5537 + -433. Calculate the remainder when d is divided by 23.
21
Suppose -9 = -3*l, -4*x = l + 24 - 115. What is the remainder when 37582/209 + 4/x is divided by 13?
11
Suppose 2*b - b = -17. Let l = 24 + b. Calculate the remainder when l is divided by 13/(-3315)*-30 + (-3)/((-51)/49).
1
Let n(u) = 32*u**2 + 768*u + 12. Calculate the remainder when 946 is divided by n(-24).
10
Let n = 169 - -37. Suppose 0 = 3*j + 2*c - 23, 4*c - 10 = -127*j + 125*j. Calculate the remainder when n is divided by j.
8
Suppose 48*d + 1548 = 45*d. What is the remainder when 151 is divided by (-32)/(-208) - d/26 - -3?
13
Suppose 2*y = -2*u - 136, 2*u + 136 = 4*y - 2*y. Let a(l) = l**3 - 4*l**2 - 12*l + 7. Calculate the remainder when (-8)/(-68) + (-808)/u is divided by a(6).
5
Let o(j) = 23 - 2*j + j + 0*j. Let t(c) = -10*c - 1073. Calculate the remainder when t(-121) is divided by o(0).
22
Let l(a) = -a**3 + 13*a**2 + 10*a + 30. What is the remainder when l(9) is divided by 21?
3
Let c be (-8)/(-2) + (-518)/7. Let z be (0 - -3 - 3) + (75 - 2). Let l = z + c. Calculate the remainder when 32 is divided by l.
2
Let g = 0 - -3. Let q be 2/(1*g/(42/4)). Suppose -z = -q*z + 24. What is the remainder when 28 is divided by z?
0
Let k(h) = -7*h**3 + 3*h + 2. Let z(f) = f**2 - 23*f + 129. Let x be z(10). Calculate the remainder when 58 is divided by k(x).
4
Suppose 15*z - 5502 = -702. What is the remainder when z is divided by 18?
14
Let v(d) = -3*d**2 - 29*d - 24. Let o be v(-11). Let c = 71 - o. What is the remainder when c is divided by 28?
27
Let q = 11615 + -10147. What is the remainder when q is divided by 485?
13
Suppose 0 = -b + 3*q + 21, 3*b - 24 = b - 3*q. Suppose 5126*f - 5167*f = -1968. What is the remainder when f is divided by b?
3
Let v be 13*3/(-6)*(-2 + -4). Let k be v/(-13) - (-1)/(1/6). Suppose k*h - 2*q - 46 = -6*q, 4*h + 2*q - 78 = 0. What is the remainder when 43 is divided by h?
21